1110?
1000
In base 8, what is 201507 + -31?
201456
In base 2, what is -10100100000011010101 + -10?
-10100100000011010111
In base 8, what is -12065 + -4?
-12071
In base 11, what is 5 + 1a3a9?
1a403
In base 5, what is -4 - -1043022?
1043013
In base 3, what is 1110022020 - -11021?
1110110111
In base 5, what is 24303042 - -3?
24303100
In base 4, what is -11 - -21300?
21223
In base 14, what is 14 - 43?
-2d
In base 10, what is 1 - -244713?
244714
In base 13, what is -4 + -46406?
-4640a
In base 10, what is -187520 - 4?
-187524
In base 5, what is 4331 - -3?
4334
In base 7, what is 3363 + -55?
3305
In base 15, what is -108 + -aa6?
-bae
In base 16, what is -165 + -176?
-2db
In base 13, what is 2 - -15549?
1554b
In base 9, what is -258244 + 3?
-258241
In base 6, what is 12 - -3122132?
3122144
In base 9, what is -24 - -1050?
1025
In base 13, what is 11b6 + -84?
1132
In base 7, what is -24465 + 20?
-24445
In base 11, what is 1674 + -4a0?
1184
In base 10, what is -29 + -772?
-801
In base 5, what is 211 - -1324200?
1324411
In base 13, what is -7a4714 + 3?
-7a4711
In base 4, what is -330000 + 32?
-323302
In base 14, what is -52 + 153c?
14ca
In base 14, what is -15c + 303?
185
In base 11, what is -29 + 111a71?
111a43
In base 5, what is -1304 - -2431?
1122
In base 2, what is -10010111010010000 + 111?
-10010111010001001
In base 7, what is 6415406 + -5?
6415401
In base 15, what is -96 - 27a6?
-284c
In base 11, what is -46620 - 3?
-46623
In base 12, what is -3a87 + -69?
-3b34
In base 15, what is d2a - -4?
d2e
In base 7, what is 1244545 + 4?
1244552
In base 7, what is 21660 - 564?
21063
In base 12, what is -23 + -4a68?
-4a8b
In base 10, what is 183 + -758?
-575
In base 5, what is 24 - -31103?
31132
In base 11, what is 52a1 - 13?
5289
In base 6, what is -5233 + 130?
-5103
In base 10, what is 288 + -97?
191
In base 6, what is 323440 + -23?
323413
In base 10, what is 3 - -730881?
730884
In base 8, what is -152663 - 41?
-152724
In base 5, what is -11 - 2410320?
-2410331
In base 13, what is -4 - 31a86?
-31a8a
In base 8, what is -3 + 12460?
12455
In base 10, what is 5 + 84278?
84283
In base 2, what is 1101 + 11001000000001111?
11001000000011100
In base 7, what is 23455 + -40?
23415
In base 7, what is -3501 + 152?
-3316
In base 10, what is 10 - -22025?
22035
In base 15, what is 3b8 + -d98?
-9d0
In base 13, what is 0 + 6778?
6778
In base 5, what is -322 + -444?
-1321
In base 7, what is -11553 - -1?
-11552
In base 9, what is 2 - 240724?
-240722
In base 13, what is -3a + -3a5?
-412
In base 3, what is 2 + 120211101011?
120211101020
In base 10, what is -5 + -233055?
-233060
In base 4, what is 10 + -13223110?
-13223100
In base 16, what is -b28e - -c?
-b282
In base 12, what is -49bb92 - 4?
-49bb96
In base 3, what is -11022212 - 10002?
-11102221
In base 11, what is -10a + -5?
-114
In base 13, what is -168c0 - -23?
-1689a
In base 10, what is -5 + -6643?
-6648
In base 11, what is -1177a + 27?
-11753
In base 9, what is 338 - -1175?
1524
In base 7, what is -344521 + 41?
-344450
In base 4, what is 11031 + 1000021?
1011112
In base 9, what is 5 - -145688?
145704
In base 15, what is 3823 + 3?
3826
In base 13, what is -2 + 29114?
29112
In base 14, what is 72 + -ad4?
-a62
In base 7, what is 122632 - -11?
122643
In base 7, what is 2 + -1111325?
-1111323
In base 8, what is -255106 - 1?
-255107
In base 7, what is 1 + -14136?
-14135
In base 16, what is -2747 - -2e3?
-2464
In base 8, what is 105 - -26317?
26424
In base 13, what is -133 + a1?
-62
In base 2, what is -101100010111010 + -111011?
-101100011110101
In base 8, what is -166 + -14363?
-14551
In base 14, what is 2c9 - -90?
379
In base 2, what is -11101001010110010 + 0?
-11101001010110010
In base 15, what is -9b + -14a?
-1e6
In base 4, what is -1110101 - 2?
-1110103
In base 5, what is -2140 - 132?
-2322
In base 2, what is -1101 + 10001101100?
10001011111
In base 14, what is 3 - 117b6?
-117b3
In base 2, what is -1 - -101010100000110010?
101010100000110001
In base 16, what is 125 - 1d?
108
In base 9, what is -200 - -228?
28
In base 4, what is 10 - -2311303?
2311313
In base 8, what is 41232 + -4?
41226
In base 13, what is -228 + 2954?
2729
In base 11, what is 4 + -574798?
-574794
In base 12, what is 0 - 198580?
-198580
In base 15, what is 117d2 - 3e?
11793
In base 8, what is 5 - 436175?
-436170
In base 6, what is 1250 + 12044?
13334
In base 14, what is 2 + 30bc?
30c0
In base 10, what is -586860 + 4?
-586856
In base 4, what is 20 + 3213102?
3213122
In base 6, what is 135521 + -240?
135241
In base 11, what is -20a + 62?
-158
In base 3, what is -10101222110 + 2?
-10101222101
In base 10, what is 2 - -16334?
16336
In base 3, what is -12120000 - -21?
-12112202
In base 4, what is -2 - -200011113?
200011111
In base 15, what is -1a - 4dd?
-508
In base 12, what is -b371b - -2?
-b3719
In base 13, what is -11 + 381a?
3809
In base 2, what is -1010111 - 11001010011?
-11010101010
In base 15, what is -a710b - 4?
-a7110
In base 11, what is -5253 + -139?
-5391
In base 11, what is 28459 + 4?
28462
In base 10, what is -8 - 122455?
-122463
In base 3, what is -211020212222 - 2?
-211020220001
In base 9, what is 81356 - -22?
81378
In base 12, what is 1 - 33a4b8?
-33a4b7
In base 4, what is 1 - -330122212?
330122213
In base 5, what is 24044312 + -1?
24044311
In base 12, what is 1777b0 + 5?
1777b5
In base 2, what is -1 + 1100100010?
1100100001
In base 6, what is -21 + 11300?
11235
In base 9, what is -182585 - -10?
-182575
In base 13, what is -498 + -253?
-71b
In base 11, what is 6 - -13065?
13070
In base 11, what is 7696 + 5?
76a0
In base 13, what is -8c6 + 40?
-886
In base 15, what is 9 + -27797?
-2778d
In base 10, what is 27 - 247?
-220
In base 4, what is 122 - 13022?
-12300
In base 4, what is 1113 + -22203?
-21030
In base 8, what is 135512 + 3?
135515
In base 5, what is -22213 - -14123?
-3040
In base 4, what is 2 - -311321?
311323
In base 9, what is -14 - -584107?
584083
In base 16, what is 946c - 41?
942b
In base 15, what is -e2 + -248?
-33a
In base 12, what is 4 + -28376?
-28372
In base 11, what is 212 + 1075?
1287
In base 10, what is -1 + -95821?
-95822
In base 10, what is 1925 + -12?
1913
In base 5, what is -2 + 1323?
1321
In base 3, what is 12110 - 1021022?
-1001212
In base 15, what is -44 - ecba?
-ed0e
In base 7, what is -1165234 - -4?
-1165230
In base 12, what is 7b8 + 24b?
a47
In base 6, what is 115031 + 1103?
120134
In base 11, what is 445 + -518?
-83
In base 16, what is 5 + bf6?
bfb
In base 14, what is -461 + 70?
-3d1
In base 14, what is 7 + -1a68d?
-1a686
In base 13, what is 11273 - -4?
11277
In base 5, what is -1 - 140020?
-140021
In base 8, what is 13700657 - 2?
13700655
In base 15, what is -13c2 + -2?
-13c4
In base 12, what is -8 + 104b?
1043
In base 2, what is -10100111001 - -11010001?
-10001101000
In base 3, what is 101221221 + -10000?
101211221
In base 16, what is 1 + -12f03?
-12f02
In base 7, what is -5 + -112245?
-112253
In base 7, what is 420 - -221?
641
In base 5, what is -220 + 23110?
22340
In base 8, what is -2 - -1631213?
1631211
In base 9, what is -22086 - 4?
-22101
In base 6, what is -1 + 5021521?
5021520
In base 8, what is -36027 + 4?
-36023
In base 14, what is 5 + -19dab?
-19da6
In base 15, what is -96 - -a7b?
9d5
In base 7, what is 1332031 + -15?
1332013
In base 9, what is -4 - -23868?
23864
In base 5, what is 1121002 - 1140?
1114312
In base 7, what is 1146 + -352?
464
In base 10, what is 19638 + -50?
19588
In base 8, what is -2327241 - 0?
-2327241
In base 9, what is 543 + 36?
580
In base 4, what is 1 - -1112232?
1112233
In base 16, what is 87 - -4e7?
56e
In base 14, what is 2 - 2a342?
-2a340
In base 7, what is 5 - -4622?
4630
In base 4, what is 1003122 - 0?
1003122
In base 13, what is -7608 + -7?
-7612
In base 14, what is -407d - 0?
-407d
In base 2, what is 101 + 11001000100000?
11001000100101
In base 11, what is 1 + -6751a8?
-6751a7
In base 15, what is -30 - 2b0?
-2e0
In base 10, what is -1195295 - 4?
-1195299
In base 14, what is -2a8 + -66?
-330
In base 12, what is -a - 300?
-30a
In base 8, what is 4620772 - 5?
4620765
In base 16, what is df76 + -1?
df75
In base 3, what is 1210 + 22220202?
22222112
In base 14, what is 1 - 2592?
-2591
In base 16, what is -66 - -b2?
4c
In base 8, what is 35 - -2767?
3024
In base 10, what is -9 + -1